 = 3*k - 6*k, -c = 3*k - 9. Suppose -v = -3*l - 25, 36 = -5*l - 2*v - k*v. Let y(u) = u + 15. Determine y(l).
7
Let u(l) = -3 - 36*l**2 + 10*l + 67*l**2 - 17 - 32*l**2. Calculate u(8).
-4
Let w(z) = -z**3 + 2*z**2 + 24*z - 7. Let a be w(6). Let v(i) = 2*i. Give v(a).
-14
Suppose -4*t = -0*t - 12. Let b(n) be the third derivative of -1/8*n**4 + 1/3*n**3 + 0 + 1/60*n**5 + 0*n + 23*n**2. Give b(t).
2
Let f(y) = 2*y - 7. Let r be (-15)/10*(-2 + 0)*1. Suppose 4*c = 4*d - 24, -r*c - 5*d = 7 + 3. Calculate f(c).
-17
Let z(w) = -2*w + 5. Suppose -197*f - 78 = -210*f. Calculate z(f).
-7
Let t be (-6 + 51/9)/((-2)/108). Let c(z) = -37*z + t*z - 11 + 20*z. Determine c(9).
-2
Let t(x) = 93*x**3 + 3*x + 101*x**3 - 1 + 95*x**3 + 0 - 288*x**3 - 4*x**2. Give t(2).
-3
Let j(l) = -l**3 - 6*l**2 - 4. Let h be 2/(-8)*2*-14. Suppose -2*c + h*c - 20 = 5*v, -3*c - 3*v - 6 = 0. Let i be (1 - 4) + (-2 - c). Determine j(i).
-4
Let o(p) be the second derivative of -p**6/120 - p**5/60 + p**4/24 - p**3/6 + 9*p**2 - 25*p. Let y(r) be the first derivative of o(r). Determine y(1).
-2
Let a(r) = -8*r**3 - r**2 + 10*r + 1. Let g(w) = -w - 1. Let u(d) = -a(d) - 6*g(d). Let n(l) = 8*l**3 + l**2 - 5*l + 6. Let j(o) = -5*n(o) + 6*u(o). Give j(-1).
-8
Let o(v) = -v + 8. Let b = -49 - -57. Give o(b).
0
Suppose 6 = -5*g - 4. Let f be g + 3 + 3 - 6. Let o(u) = 4*u - 5. Let s(k) = -3*k + 3. Let q(v) = -5*o(v) - 8*s(v). Calculate q(f).
-7
Suppose 4*m - 8 = 20. Let w(u) = -u**3 - 6 - 3 + 3*u + 7*u**2 + 0. Determine w(m).
12
Let l(d) = -d - 9. Let g be 2*(-8 - 27/(-6)). Calculate l(g).
-2
Let o(z) = -z**3 - 12*z**2 - 13*z - 16. Let n be ((-2)/(-3))/(4/198*-3). Give o(n).
6
Let o(x) = -x + 8. Let d = 356 - 350. Determine o(d).
2
Let n(v) = v - 12. Let x be 2/16 - (-126)/16. Let q = x + -3. Calculate n(q).
-7
Let w = -1989 + 1989. Let b(c) = c**2 + c + 3. Determine b(w).
3
Let v(n) = -27 - n + 11 + 7. Let m(d) = -2*d**2 + 19*d - 16. Let h be m(9). Calculate v(h).
-2
Let a(j) = 5*j + 1. Suppose 7*o - 16*o - 108 = 0. Let h be 34/o - (-21)/(-126). Calculate a(h).
-14
Let h(b) = -2*b**2 + 5*b - 2. Let z be (-10 - -10)*(-2)/4. Suppose 4*d = 2*u - z*u + 16, -4*d + u = -14. Calculate h(d).
-5
Let s(w) be the third derivative of -w**4/12 + 3*w**2. Let d(n) = -n + 6. Suppose 2*y - y = 5*q - 24, 2*y = -8. Let f be d(q). What is s(f)?
-4
Let g(v) be the second derivative of -v**4/12 + 2*v**3/3 + 11*v**2/2 - 47*v. What is g(8)?
-21
Let a be (6/(-2))/((-6)/4). Suppose 4*j = -a*i - 3*i - 26, -33 = 5*i - 3*j. Let u(s) = 16*s - 1. Let t(z) = 63*z - 7. Let g(b) = 3*t(b) - 12*u(b). Give g(i).
9
Let p(x) = 2 + 12 + 47 + 17*x. Let w(i) = 3*i + 12. Let s(k) = 2*p(k) - 11*w(k). Give s(0).
-10
Let t(b) = -b**2 - 2*b + 6. Suppose 3*r - 17*o + 19*o - 6 = 0, -2 = -r + 3*o. Calculate t(r).
-2
Let u(z) = -z**2 - z - 33. Let k be (-2)/9 - (-150)/675. Calculate u(k).
-33
Let m(y) be the first derivative of -13*y**3/3 + 21. Calculate m(1).
-13
Let n(g) = -g**3 - 2*g**2 - 2. Let i be (16/(-6))/(24/36). What is n(i)?
30
Let c(f) = -f**3 - f**2 + 1. Let a be ((-42)/28)/(2/(-4)). Let s(k) = 4*k**a + 6*k**2 + 6*k + 3 + 7 - 3*k**3 + k. Let o be s(-5). What is c(o)?
1
Suppose 5*c = -18 + 3. Let l(x) = 2*x**3 - 4*x**2 - 5*x + 2. Let k(j) = -5*j**3 + 7*j**2 + 10*j - 4. Let w(q) = c*k(q) - 7*l(q). Give w(-6).
4
Let p be 12 + -4 + 1 + 3. Let q be 0 + p/16*4. Let b(f) = -f - 1 + 3*f - q*f. Determine b(-1).
0
Let v(o) = 3*o**3 + 2*o**2 + 3*o + 5. Let f(r) = -4*r**3 - r**2 - 2*r - 5. Suppose 15 = -6*m - 3. Let y(c) = m*v(c) - 2*f(c). Determine y(-4).
15
Let z(r) be the second derivative of r**5/20 - r**4/2 - 4*r**3/3 + 2*r**2 + r. Suppose 0 = -1200*a + 1220*a - 140. Determine z(a).
-3
Let a(x) = 12. Let y(s) = -9*s + 27. Let g(i) = -2*a(i) + y(i). Determine g(7).
-60
Let f be 23/(-4) + (-3)/(-4). Let m(b) = 5*b + 5. Let y(g) = 3*g + 3. Let s(t) = f*m(t) + 8*y(t). Give s(-1).
0
Suppose 15 = 8*g - 33. Let h(k) = -3 + 4*k - 2 + 3 - 6. What is h(g)?
16
Let a(c) be the first derivative of -c**2/2 + 9*c - 1. Let q(f) = f. Let m(d) = d**2 - 6*d - 17. Let y(x) = -m(x) - 3*q(x). Let s be y(5). Determine a(s).
2
Let f = 38 - 32. Let j(d) = 10 - f - d + 1. Determine j(5).
0
Let c(b) be the third derivative of b**5/60 + 2*b**3/3 - 4*b**2. Let y(p) = -p**3 - 13*p**2 - 10*p + 21. Let s be y(-12). Calculate c(s).
13
Let p(n) = 2*n**2 + 5*n + 6. Let h be p(-2). Let j(y) = 7*y**3 - 5*y**2 + 10*y**2 - 8*y**3 - h*y. Suppose -2*g = -g - 3. Give j(g).
6
Let r(s) = 5*s + 7 - 7*s**2 + 26*s**2 - 14*s**2 - s**3. Let f(b) = 7*b**2 - 6*b + 3*b + 2*b. Let j be f(1). Give r(j).
1
Let i(a) = -a**3 - 4*a**2 - 4*a - 17. Let u(q) = -56*q**2 - 279*q + 1. Let h be u(-5). Give i(h).
-1
Let w(g) be the third derivative of g**5/20 + 5*g**4/24 + g**3/2 + 118*g**2. Give w(-2).
5
Suppose 42 = 3*t - 3. Suppose -t*g = -7*g - 24. Let p(u) = u**2 - 3*u - 1. What is p(g)?
-1
Let w(c) = 9*c**3 - 1. Suppose 3*k + 1090 = -7*k. Let i = k - -110. What is w(i)?
8
Let p(b) be the second derivative of -b**5/120 - b**4/12 + 13*b**3/3 + 14*b. Let m(l) be the second derivative of p(l). Give m(6).
-8
Let p(m) = 4 - 23*m**3 + 38*m**3 - 5 - 4*m**2 + 7*m**2 - 16*m**3. What is p(3)?
-1
Let i(s) = 19 - 6*s - 9 - 10. Let f be i(-1). Let k(g) = g - 5. Determine k(f).
1
Let v(x) = -36*x**2 + 216*x + 4. Let b be v(6). Let y(f) = -f**2 + 11*f - 7. Give y(b).
21
Let j(o) be the third derivative of -o**8/20160 - o**7/630 - o**6/80 + 13*o**5/60 + 11*o**2. Let r(i) be the third derivative of j(i). Give r(-6).
3
Let r(v) = -v**2 + 11*v - 21. Let d be r(2). Let u(p) = -2*p - 3. Give u(d).
3
Let b(k) be the first derivative of -1/4*k**4 + 1/2*k**2 + 1/3*k**3 + 4 + 6*k. What is b(0)?
6
Let s be (-132)/88 + 18/(-4). Let w(k) = 4*k + k**2 + 0*k**2 - 5 + 2*k. Calculate w(s).
-5
Let u be 12/18*-1*(-12)/32. Let s(a) be the first derivative of 2/3*a**3 + a - u*a**4 + 0*a**2 - 2. Give s(3).
-8
Let x = 55 + -53. Let m(j) = -9*j + 4*j - 5*j + x - 1. Let g be (1/(-2))/(2/4). What is m(g)?
11
Suppose -46 = -l - 43. Let s(k) = 3*k + 4 + 2*k**2 + 10*k**l + 4*k**2 - 2*k**2 - 9*k**3. Let n(a) = -a**3 + 5*a**2 + 6*a - 3. Let d be n(6). Determine s(d).
4
Let o(p) = 5 + 80*p - 85*p - 2*p**2 + 3*p**2. Determine o(3).
-1
Let p(w) = -21*w**2 - 46*w - 5. Let u(a) = -4*a**2 - 9*a - 1. Let h(n) = 2*p(n) - 11*u(n). Give h(-3).
-2
Let n(r) be the second derivative of -7*r**5/120 + r**4/12 + 7*r**3/6 - 2*r. Let l(q) be the second derivative of n(q). Let a be 39/21 + 1/7. What is l(a)?
-12
Let g(q) be the third derivative of q**9/60480 + q**8/10080 - q**7/5040 + q**6/240 + q**5/30 - 3*q**2. Let c(r) be the third derivative of g(r). What is c(-3)?
-3
Let z(w) = -553*w**3 - 3 - w**2 - 3*w**2 - 3*w**2 + 554*w**3 + 10. What is z(7)?
7
Let d(q) = -q**3 + q**2 + q + 1. Let h be (-6)/(-4)*(2 - 0). Suppose 5*n - h = 8*n. Give d(n).
2
Let w be ((-3)/(-6))/((-2)/4). Let k(o) = 20*o**3 + 6*o + 1. Let r(b) = 17*b**3 + 5*b + 1. Let f(d) = 5*k(d) - 6*r(d). What is f(w)?
1
Let i(f) = -f + 4. Let t be (-2)/(-9) - 1584/(-162). Let b(q) = -q + 22. Let w be b(t). Let y be (-48)/(-9) - 4/w. What is i(y)?
-1
Suppose -5*h = -2*l + 8, 0 = -2*h + 5*h. Suppose -g - l = 3*g. Let f(k) = -6*k**2 - 1. Let a(j) = 5*j**2 + 1. Let i(v) = -5*a(v) - 4*f(v). What is i(g)?
-2
Let i(d) = -3*d + 3. Suppose -4*g - u + 11 = 13, 3*g - 2*u - 4 = 0. What is i(g)?
3
Let z be (6/(-3) - -2) + 3. Suppose 3 = -o, z = -2*j + 3*o - 0*o. Let c(v) = -v**3 - 7*v**2 - 5*v + 1. What is c(j)?
-5
Let u(x) = -x**2 + 5*x + 10. Let y be -2*20/(-8) + 79. Suppose 5*w + 7*w = y. What is u(w)?
-4
Let c(y) be the second derivative of 3*y**2 + 1/20*y**5 + 0 + 11*y - 1/12*y**4 + 1/6*y**3. What is c(0)?
6
Let p(k) = k**3 + 14*k**2 + 14*k + 16. Let m be p(-13). Let o(c) = 9*c**m - 8*c**3 - c + 9*c**2 + 6 + 10*c. What is o(-8)?
-2
Let z(c) = -c**2 + 9*c + 10. Let m be z(10). Let t(a) = 6*a**2 + 13 + a + m*a**3 - 15 + a**3. Determine t(-6).
-8
Let d(j) = j - 5. Let c(n) = -n**2 - 5*n - 4. Let i be c(-3). Suppose -2*k + 52 = i*k. Suppose 1 = 3*f + k. Determine d(f).
-9
Let v(s) = -s + 5. Suppose 0 = -0*g + 3*g. Suppose u = -g*u + 5. What is v(u)?
0
Suppose l - 2*r + 26 = 0, 6 = -l + 3*r - 21. Let o(m) = -m**2 - 22*m + 53. Let u be o(l). Let c(p) = -p + 6. Calculate c(u).
1
Let a(c) = -3*c - 1. Let l(w)